 1772*w + 4466. What are the prime factors of f(18)?
2, 18181
Let j = 82 + -24. Suppose -6*x + 4*x = j. Let k = x + 72. What are the prime factors of k?
43
Let c(n) = 0*n + 7 - 5*n - 11*n + 15*n. Let i be c(4). What are the prime factors of (-2049)/(-9) - (-1)/i?
2, 3, 19
Let u be (-359)/(-4) + 19/76. Let l be 6/10*u/6. List the prime factors of (-1796)/(-6) - l/27.
13, 23
Suppose -1586 = -5*f + 2*w, -2*w = 30*f - 33*f + 954. Suppose 1290 = -315*u + f*u. List the prime factors of u.
2, 3, 5, 43
What are the prime factors of (-2922)/(-24)*1/((-8)/(-1088))?
2, 17, 487
Let o(d) = -2274*d - 2617. List the prime factors of o(-7).
47, 283
Suppose 3*i + 3*s - 1269 = 0, 0 = 5*i - i + s - 1686. What are the prime factors of i?
421
Suppose 0 = -3*s + 2*x + 23, -5*s + x + 29 = -0*s. Suppose 507 + 353 = -86*l. What are the prime factors of (-462)/(-4) + s/l?
5, 23
Let y(g) = 53*g**3 - 3*g**2 + 5*g + 2. Let f be y(3). Suppose 14*m - 8043 = -f. What are the prime factors of m?
11, 43
Suppose -3*l = 12*q - 9*q - 23613, -5*l + 5*q + 39365 = 0. List the prime factors of l.
2, 3, 41
Suppose 7*u - 5*u = 4. Suppose 3*a + u*a - 655 = 0. What are the prime factors of a?
131
Let w(v) = 35*v + 71. Let p be w(-12). Let d = 1152 + p. What are the prime factors of d?
11, 73
Let d(h) = 2555*h - 7942. List the prime factors of d(7).
61, 163
Let r(l) = 2*l**2 - 13*l - 3. Let s(h) = h**3 + 9*h**2 + 10*h - 7. Let z be s(-5). Let f = z + -32. What are the prime factors of r(f)?
2, 3
Let m(h) = -h**3 - 42*h**2 + 76*h - 3. List the prime factors of m(-47).
2, 3, 5, 83
What are the prime factors of (68/3)/((-116)/(-4176))?
2, 3, 17
Let x = 529 - 589. Suppose 4*f + 2*o + 362 = 0, 4*f + 0*f - 5*o = -369. Let u = x - f. List the prime factors of u.
31
Suppose -4*i + 36 = -3*g - 2*g, -g = 3*i - 46. Let h be (4/i)/((-14)/(-98)). Suppose 110 + 0 = h*z. What are the prime factors of z?
5, 11
Let t be 6/14 - (-207)/7. Suppose -u + 2*m - 12 = 0, -2*u - 5*m = 3*u + t. List the prime factors of 2/u - (-690)/8.
2, 43
What are the prime factors of (4 - (-3 + 19)) + 18953?
13, 31, 47
Let v be -156*((-58)/6 - 1). Suppose 7072 = -8*x - v. What are the prime factors of (6/9)/((8/x)/(-1))?
7, 13
Suppose 0*h - h = 0, 28*h + 2 = -2*w + 26*h. Suppose -4*u = t - 8, 3*u - 4*u - 9 = 3*t. List the prime factors of 86 + t - w - 4.
79
What are the prime factors of (-52350)/(-2) + (-7 - -10)?
2, 3, 4363
What are the prime factors of (-18*54/(-4860))/(2/542690)?
54269
What are the prime factors of (-2101866)/(-60) + (-52)/520?
3, 11677
Let w(n) = 152*n**2 - 4*n - 2. Let p = 516 + -517. List the prime factors of w(p).
2, 7, 11
Let m be 5/15*2*48. Suppose -u = -5*u + m. Let a(s) = -s**3 + 12*s**2 - 27*s + 8. List the prime factors of a(u).
2, 3
Let i(b) be the third derivative of b**6/60 - b**5/5 + b**4/2 + 2*b**3/3 - 13*b**2. Let g be i(7). Let h = -50 + g. What are the prime factors of h?
2, 17
Suppose 3*t = -2*c - c - 414, t = 2*c - 123. Let v = 179 + t. What are the prime factors of v?
2, 23
Suppose -2*q + 2*t + t - 1 = 0, t + 7 = -3*q. Let c be (2 - -38) + (-2 - q). Let i = c - -3. List the prime factors of i.
43
Suppose 58*j + 41*j = 1247796. List the prime factors of j.
2, 23, 137
Let d = 1320 + -803. Let p = d + -461. What are the prime factors of p?
2, 7
Let j(b) = -b**3 - 5*b**2 + b - 3. Suppose -p = -4*v + 61, -3*v - 5*p - 2 = -65. Suppose -12*s = -v*s - 28. List the prime factors of j(s).
2, 11
Let u be 4*(-1 + (-121)/(-4)). Let h(x) = x**2 + 72*x + 405. Let c be h(-7). Let m = u + c. What are the prime factors of m?
67
Let n(w) = 23*w**2 - 5*w - 5877. What are the prime factors of n(57)?
3, 5, 7, 653
Let i(n) = n**3 - 7*n**2 + 5*n + 9. Let q be i(6). Suppose 0 = 3*w + 6, -w = q*z - 5*w - 2. What are the prime factors of (z + 1)*(7 - 1 - 105)?
3, 11
Suppose -t + 5*i + 149 = 0, 5*t - 2*i - 895 = -7*i. Let j = -120 + t. Let q = 73 + j. What are the prime factors of q?
127
Suppose b = z - 2625, -8*z + 9*b = -13*z + 13139. What are the prime factors of z?
2, 13, 101
Suppose 8*h + 4*h + 840 = 0. Let u = h + 70. Suppose -c = -4*f + 781, u = -9*f + 5*f - c + 779. What are the prime factors of f?
3, 5, 13
Let r(j) = 9*j + 70. Let v be r(-7). Suppose -4*m = -3*d - 9, -d + 3 - 6 = 3*m. What are the prime factors of 12 + (-56)/v - (0 - m)?
2
Let q(k) = 2*k**2 + 12*k - 29. Let n be q(-8). What are the prime factors of -14*(-109 + n + 0)?
2, 7, 53
What are the prime factors of 354057/18 - ((-2)/(-15))/(92/(-115))?
2, 5, 7, 281
Suppose 114283 = 4*q - b, 203*q - 202*q - 28555 = -2*b. What are the prime factors of q?
3, 89, 107
Let q = 731 - 545. Suppose j - 1026 = q. List the prime factors of j.
2, 3, 101
Suppose -71251 - 148124 = -3*g - 48291. List the prime factors of g.
2, 53, 269
Let x be (6/(-1) + 1)/(1 - 2). Let d be 441/12 + x/20. Let j = 98 + d. What are the prime factors of j?
3, 5
Let o(n) = 2*n**2 - 16*n + 20. Let j(m) = 3*m**2 - 32*m + 40. Suppose 0 = 3*i + 15 - 0. Let b(h) = i*o(h) + 3*j(h). List the prime factors of b(-13).
59
Let i = 15 - -4. Suppose i = -5*n + 119. Suppose 15*z = n*z - 85. List the prime factors of z.
17
Let y(a) = a**2 - 12*a - 14. Let x = -73 - -86. Let t be y(x). List the prime factors of 8 - (t + 0 + 2).
7
Suppose -3*y = -4*y. Suppose 2*h = -i + 16, 5*i + 3*h = -0*i + 38. Suppose -i*c + y*c = -752. List the prime factors of c.
2, 47
Suppose 86*g - 21*g - 13467978 = -88*g. List the prime factors of g.
2, 3, 17, 863
Let m(z) = 2*z**3 - 4*z**2 + z - 2. Let n be (1/1)/((-4)/(-8)). Let x be m(n). Suppose 5*h - 1872 + 437 = x. List the prime factors of h.
7, 41
Let b = 2732 + -1257. What are the prime factors of b?
5, 59
Let z = -213 - -2876. List the prime factors of z.
2663
Let f(b) be the third derivative of -8*b**4/3 - 77*b**3/3 + 8*b**2 - 2*b. What are the prime factors of f(-19)?
2, 3, 59
Suppose -f - 3*x = -14, -x = 2*f + 4*x - 24. Suppose 4 = -y - f*q, 2*y - 7 = 3*y + 5*q. What are the prime factors of -1 - (y/(-5) + 442/(-5))?
3, 29
Suppose -20 + 496 = -4*g - 2*m, -2*g = -m + 230. Let o = g - -119. Suppose 5*l = 3*b + 1052, -o*b + 2 = -0*b. List the prime factors of l.
211
Let n(p) = p**2 + 3*p + 31. Let a be n(-5). Let l(z) = z**2 - 6*z + 6. Let c be l(5). List the prime factors of 2 + (a - c) - 3.
3, 13
What are the prime factors of 6*(-6 + ((-22880)/3)/(-4))?
2, 2851
Let g(v) = v**3 - 7*v**2 + 5*v + 8. Let n be g(6). Suppose n*a - 337 - 183 = 0. Suppose -3*l - 2*k - k = -408, 2*l - a = k. What are the prime factors of l?
2, 3, 11
Let c be (4 - (-8)/(-4)) + (0 - -1). Suppose c*k + 2*d - 4*d + 9 = 0, 0 = -2*d + 6. What are the prime factors of (-62)/(k*6/9)?
3, 31
Let y(q) = 2*q + 19. Let d be y(-8). List the prime factors of 3552/128*4/d.
37
Suppose 5*b = -5*j + 1395, 0 = -5*j + 2*b + 3*b + 1365. List the prime factors of j - -11 - 2*-1.
17
Suppose -4*m = -5*h - 32, 5*m - 62 = -h - 22. Suppose 3*i + 5518 = 4*b, 3*i + m = 2. List the prime factors of b.
2, 13, 53
Let a be 582*(2/12)/((-1)/(-3)). Let x = 567 - a. List the prime factors of x.
2, 3, 23
Suppose 13*k + 10*k - 327658 + 33557 = 0. List the prime factors of k.
19, 673
Let r(c) = 363*c**2 - 24*c - 52. List the prime factors of r(-4).
2, 7, 11, 19
Let p = 14864 - 6861. What are the prime factors of p?
53, 151
Let y = 580 - 571. Suppose -16*k = y*k - 22975. What are the prime factors of k?
919
Let o(i) = 55*i + 35. Let j be o(7). Let n = 527 + j. List the prime factors of n.
947
Let t = 71 + -94. Let a = t - -158. What are the prime factors of a?
3, 5
Suppose 35*l - 39159 = 4174 + 152702. List the prime factors of l.
3, 1867
Let f(o) = 3*o + 22. Let w = 21 - 31. Let v be f(w). Let i = v + 22. List the prime factors of i.
2, 7
Let g(o) = 15 + 4*o**2 + 10 - 16*o + 0 + 4. Let b be g(10). Suppose 6*s = b - 29. What are the prime factors of s?
2, 5
Suppose 10*k = -35*k + 275490 + 79425. What are the prime factors of k?
3, 11, 239
Suppose 0 = j + 12*x - 16*x - 43852, x = 3. What are the prime factors of j?
2, 5483
Suppose -16*x + 19326 + 20674 = 0. What are the prime factors of x?
2, 5
Suppose 0 = 8*n + 4*u - 245780, -4*n - 3*u = -84481 - 38412. What are the prime factors of n?
31, 991
Suppose -668*f - 136 = -672*f. Suppose -30*q + f*q - 3224 = 0. List the prime factors of q.
2, 13, 31
Let r be (18984/294)/(3/21*2). 